i - 110. Calculate the greatest common divisor of i and s.
11
Let h(v) = -v + 4. Let c be 6/8*4/1. Let k be h(c). Suppose -k = -t - 0. Calculate the greatest common factor of t and 7.
1
Let b be 5/2*(15 - 7). What is the highest common factor of 4 and b?
4
Let r be 2 + -4 - (-3 - 1). Let j = -27 - -29. Suppose -j + 4 = 2*d, 4*m = -2*d + 74. Calculate the highest common divisor of r and m.
2
Let z be -2 + -29 + 0 + 2. Let v = -5 - z. Calculate the highest common factor of v and 48.
24
Suppose 9*z = -2*z + 1683. What is the greatest common factor of 34 and z?
17
Let r(q) = 210*q**2 - 1. Let l be r(-1). Let a(z) = z**3 - 5*z**2 + 2*z + 1. Let f be a(6). Let k = f + -30. What is the greatest common divisor of l and k?
19
Let f be 20*2*(-2)/(-5). Suppose 33*h - 640 = 23*h. Calculate the highest common factor of f and h.
16
Suppose 2*t = 5*t - 81. Suppose -15 = -3*j + t. Calculate the highest common divisor of j and 28.
14
Let t = -15 + 77. What is the greatest common divisor of 155 and t?
31
Let u = -21 - -51. Suppose 0 = -2*p - 3*n + u, n + 4 + 18 = 2*p. Calculate the greatest common factor of p and 12.
12
Let q(r) = r**2 - r + 1. Let m be q(5). What is the highest common factor of 3 and m?
3
Let m(q) = -q**3 + 7*q**2 + q - 4. Let a be m(7). Let x = 2 + a. Suppose x*p = 5*f - 333 - 97, -5*f = p - 454. What is the greatest common factor of f and 9?
9
Let m = -292 + 500. What is the greatest common divisor of 16 and m?
16
Suppose 0 = -0*q - 4*q - 12. Let n(w) = -w - 1. Let y be n(q). Suppose -2*c = y*g + 1 - 25, -2*g - c = -22. Calculate the highest common factor of g and 40.
10
Suppose 3*c = -0*c - 9, 0 = -4*s + 3*c + 13. Calculate the greatest common factor of s and 1.
1
Let w(c) = c**3 + 10*c**2 + 5*c - 3. Let l be w(-8). Suppose -l = -g - 1. Calculate the greatest common factor of 12 and g.
12
Let t(s) be the third derivative of s**6/120 + 2*s**5/15 - 3*s**4/8 + s**3 + 6*s**2. Let d be t(-9). What is the greatest common factor of d and 30?
6
Suppose 1 - 10 = -m. Suppose 0 = -3*r - 3*v + 111, 2*r - 3*v = r + 33. What is the greatest common divisor of r and m?
9
Suppose -2*b = 4*t - 5*b - 75, b = -t + 10. Let w(s) = 2*s - 6. Let l be w(t). Calculate the highest common factor of l and 3.
3
Suppose -4*t = 6 - 18. Suppose -2*z = -f + 43, 4*f = -f - t*z + 163. What is the greatest common factor of 7 and f?
7
Suppose 0 = 3*g - 143 + 53. Let h = 2 + 52. Suppose 0*z - 4*z = 3*f - h, 5*z - 71 = -2*f. What is the greatest common factor of g and z?
15
Suppose 22*s + 150 = 27*s. What is the greatest common divisor of 40 and s?
10
Let m(p) = 0*p**2 - p + 4*p + 1 - 4*p**3 - p**2. Let y be m(-2). Suppose -2*n + 1 = -y. Calculate the greatest common factor of 18 and n.
6
Let h(i) = -5*i + 2. Let t be h(-6). Suppose 4*g + 2*j = 3*j + 66, g - 3*j - 22 = 0. Calculate the highest common divisor of g and t.
16
Let y(o) = -5*o. Let p be y(-12). Suppose -2*j = -3*c - 6*j + p, -2*c = -4*j - 20. What is the greatest common factor of c and 176?
16
Let y be (-1 + 2)*-2 - -6. Suppose -2*b + 23 = j, 10*b - 77 = -y*j + 5*b. Calculate the highest common divisor of j and 130.
13
Let r = -59 + 71. Calculate the highest common divisor of r and 48.
12
Suppose 4*q + 1 = 4*c - 27, -3*c = -2*q - 16. Suppose 2*z - c - 12 = 0. Calculate the highest common divisor of z and 56.
7
Let r(t) be the first derivative of t**4/4 + t**3/3 - t**2/2 + 4*t + 1. Suppose 0 = -2*n + 4*n. Let c be r(n). What is the highest common factor of 36 and c?
4
Suppose 3*u - 74 = -2*s, 4*s - 192 = 5*u - 0*u. Let h = s - 23. Calculate the highest common divisor of 50 and h.
10
Suppose -7*y + 2475 = -2*y. What is the highest common divisor of y and 45?
45
Suppose -110 = 4*o + 226. Let q = -58 - o. Suppose 2*u + z = -4*z + 103, 3*z = -4*u + 171. What is the greatest common divisor of u and q?
13
Let s = 65 - 33. Let l = 9 - 5. Calculate the greatest common factor of s and l.
4
Suppose 5*q - 36 = 49. What is the highest common divisor of q and 136?
17
Suppose 2*d + 2*m - 18 = 0, 5*d - 22 - 32 = 4*m. Let j be 0 + 0 + (-3 - -7). Calculate the highest common divisor of j and d.
2
Suppose 0 = 3*n - 11 - 1. Calculate the highest common factor of n and 28.
4
Suppose -3*y + 8*y = s, -2*y + 2*s = 0. Let q = y - -4. Suppose 23 + 10 = 3*t - q*n, -t - 5*n = -11. Calculate the highest common factor of t and 55.
11
Suppose -4*h = 3*q - 25, 2*h = q - 5 - 0. Let z(a) = a**3 - 7*a**2 + 4*a - 3. Let n be z(q). Let r = -4 + 9. What is the highest common divisor of n and r?
5
Suppose 2*o - 7*o + 190 = 0. Calculate the greatest common factor of o and 95.
19
Let b be (-3 + 0)*4/(-6). Let m be b*(-5)/((-30)/(-261)). Let x = -12 - m. What is the highest common factor of x and 15?
15
Let a(g) = g**2 - g + 3. Let z be a(0). Suppose -z*h - h = 0. Let k = 4 + h. What is the highest common factor of k and 20?
4
Let q be (-100 + 5 + -5)/(0 + -2). Calculate the greatest common divisor of q and 30.
10
Let l(o) = o**2 + 2*o - 23. Let m be l(-7). What is the greatest common factor of 84 and m?
12
Let b = -15 + 15. Suppose -5*k + 7 + 128 = b. What is the highest common factor of 18 and k?
9
Suppose -140 = -6*z + 2*z. Let m(h) = -h**2 + 6*h - 3. Let w be m(4). Calculate the highest common factor of z and w.
5
Let b(w) be the first derivative of -w**4/4 + 5*w**3/3 + w**2/2 + 5*w - 9. Let z be b(5). What is the greatest common divisor of 40 and z?
10
Let n be ((-5)/(-5))/((-2)/(-34)). Let o = n + -10. Let i be 11*(0 + 2) - 1. Calculate the highest common factor of o and i.
7
Suppose 0 = -6*z + z + 10, 3*m - 3*z = -3. Let x be 424/52 + (-2)/13. Calculate the highest common factor of x and m.
1
Suppose 32 = 3*l + p, -36 = 3*l - 6*l + 3*p. Suppose -3*h = 3*m - 30, -2*h = -3*m + 51 - l. What is the highest common factor of m and 36?
12
Let f be ((-1)/(-2))/((-2)/(-40)). Calculate the greatest common factor of 30 and f.
10
Suppose -6*z = -z - 20. Suppose 0 = -g + z*y + 70 - 12, -4*g + 212 = 4*y. Calculate the highest common divisor of 9 and g.
9
Let z be (-2)/7 - (-1460)/14. Suppose 0 = -4*c - c + 65. Calculate the greatest common factor of z and c.
13
Let g be 198/(-24) - 2/(-8). Let u be (157/(-1))/(g - -7). Let l = u - 3. Calculate the greatest common factor of 14 and l.
14
Let x(k) = -k**3 + 8*k**2 - 7*k + 4. Let d be x(7). Let m(a) = -a**3 - 3*a**2 - 2*a + 4. Let y be m(-3). Calculate the highest common factor of y and d.
2
Let y = 5 + -8. Let o(q) = q**2 + 3*q - 3. Let k be o(y). Let s be k/9 + 1190/6. What is the greatest common factor of 18 and s?
18
Suppose 3*t + 19 = 2*k, -3*t - 2*t = 3*k - 19. Suppose -161 = -5*l + 239. Suppose 0 = -0*m - 2*m + l. Calculate the greatest common factor of m and k.
8
Let i(v) = 2*v + 5. Let h(q) = q**2 - q - 2. Let a be h(3). Let z be i(a). Calculate the highest common factor of 117 and z.
13
Let b(g) = g**3 + 5*g**2 + 2*g + 6. Let k be b(-4). Let w = 14 + -7. Calculate the greatest common divisor of k and w.
7
Let h(z) = 2*z - 9. Let g be h(8). Suppose 4*b + 3*d - g*d = 80, -3*d = -5*b + 102. Calculate the greatest common divisor of 105 and b.
21
Suppose 8*v - v = 42. Calculate the highest common divisor of 6 and v.
6
Let g = -121 - -129. Calculate the greatest common divisor of g and 20.
4
Let l = 29 + 16. Suppose q = 171 - l. Let z = 17 + -3. Calculate the highest common factor of z and q.
14
Let d be 1/(2 - 3) - -512. Suppose -4*o + d = 151. Calculate the greatest common factor of 10 and o.
10
Let t(u) be the second derivative of u**5/20 + 3*u**4/4 + 2*u**3/3 + u**2/2 - u. Let p be t(-8). What is the highest common divisor of 11 and p?
11
Suppose 0 = -5*r - 92 + 7. Let k = -9 - r. Calculate the highest common factor of k and 40.
8
Suppose -j = -5*b + 3*j + 106, 5*j + 17 = b. Calculate the greatest common divisor of 187 and b.
11
Let q be (27/(-18))/((-6)/16). Let d be 90/8 + q/(-16). Calculate the greatest common divisor of 33 and d.
11
Suppose 0 = 5*v, n = 4*n - 3*v - 24. Calculate the highest common divisor of 8 and n.
8
Let x(g) = -3*g**3 - 6*g**2 - 3*g. Let l be x(-4). Let t = 46 + -34. What is the greatest common factor of t and l?
12
Suppose -4*j - 135 = -7*j. Let o = j + -29. Calculate the highest common divisor of o and 16.
16
Suppose -5*c - 5*r + 5 = 0, 5*c + 2*r - 5*r = -3. Suppose 5*x = 4*n + 1, 